
4244045
In base 12, what is 171a + -b454?
-9936
In base 6, what is 155 - 24135055?
-24134500
In base 5, what is 0 + 101310424?
101310424
In base 4, what is -2031031121 + -101231?
-2031133012
In base 9, what is -10413688 + 1?
-10413687
In base 5, what is 13233113344 - 111?
13233113233
In base 6, what is -31203 - -325052?
253445
In base 12, what is 1334a76 - -1b?
1334a95
In base 6, what is -35 + 100021052?
100021013
In base 4, what is 10112220 + -11021002?
-302122
In base 9, what is -40723780 - 2?
-40723782
In base 12, what is -a026 - -30a5?
-6b41
In base 12, what is -1a51 - 209b?
-3b30
In base 11, what is 280a22 + -a?
280a13
In base 9, what is 1 - 51080?
-51078
In base 4, what is -120000330 + -1032?
-120002022
In base 15, what is -28c + -a19eb?
-a1c88
In base 14, what is 164 + -7464?
-7300
In base 15, what is 267d + -14c?
2531
In base 2, what is 111011011111 + -110011100?
110101000011
In base 10, what is -724625959 + 0?
-724625959
In base 16, what is 5ebd + -71?
5e4c
In base 14, what is -3 + 5605627?
5605624
In base 9, what is -738710 - 311?
-740121
In base 14, what is -3d43bbb1 - 3?
-3d43bbb4
In base 8, what is -4 - 3563470?
-3563474
In base 2, what is -1001 - -11101101001110010000011?
11101101001110001111010
In base 5, what is 1320 + -23244011?
-23242141
In base 8, what is 30630 + 77?
30727
In base 10, what is -60508 + 9728?
-50780
In base 13, what is -4b + 3b0677?
3b0629
In base 5, what is 40304004 + -1003?
40303001
In base 13, what is -3 - -167151a8?
167151a5
In base 16, what is -28 + -3416f?
-34197
In base 4, what is -1003233 + 111010013?
110000120
In base 4, what is -11103 + 1312032?
1300323
In base 16, what is -2 + -3d8cf2?
-3d8cf4
In base 3, what is 1220001121221 - -10022?
1220001202020
In base 13, what is 38 + -1132821?
-11327b6
In base 6, what is -542005 + 202?
-541403
In base 12, what is 87347a + 1?
87347b
In base 14, what is -1103c - 276?
-112b4
In base 13, what is -5a24 + a92?
-4c62
In base 9, what is 1 + -161158031?
-161158030
In base 10, what is 176 - 643875?
-643699
In base 2, what is -1001001 + -100100101101111?
-100100110111000
In base 11, what is 739930 + 11?
739941
In base 15, what is -16472b - -16?
-164715
In base 16, what is a - -9fb12?
9fb1c
In base 8, what is 633100532 + 3?
633100535
In base 15, what is 1186c255 - -2?
1186c257
In base 4, what is 1122 + 13323022332?
13323030120
In base 7, what is 2523056342 - 3?
2523056336
In base 3, what is -11 + 22221020220000200?
22221020220000112
In base 11, what is 636 - 21034?
-204a9
In base 14, what is -22dc + -12b1?
-35ad
In base 8, what is 11 - 6555134?
-6555123
In base 7, what is -132601 + 1616?
-130652
In base 4, what is 10210021200 - -230?
10210022030
In base 5, what is 2023304031 - -1?
2023304032
In base 10, what is 3 - -4651228?
4651231
In base 3, what is -1022212 - -22021111121?
22020011202
In base 9, what is 10223761 + 57?
10223828
In base 15, what is 234513 + -2c?
2344d6
In base 6, what is -1033 - 402554?
-404031
In base 7, what is -1551 - -201250?
166366
In base 16, what is 4d000f - -33?
4d0042
In base 15, what is 2e2e32 + -d?
2e2e24
In base 12, what is -1 - -24573a66?
24573a65
In base 13, what is -54c + 2824?
22a5
In base 6, what is -2 + -13345551?
-13345553
In base 12, what is 6 - -68766b?
687675
In base 8, what is 2 - 2655511227?
-2655511225
In base 9, what is -3863171 + 32?
-3863138
In base 7, what is -10436 + 1164246?
1153510
In base 12, what is -910 - 1b65b?
-2036b
In base 4, what is -1023222012113 - -3?
-1023222012110
In base 4, what is 122 + 1130213210?
1130213332
In base 9, what is -3715 + -1004?
-4720
In base 9, what is 6 + -218331643?
-218331636
In base 7, what is -4 - -550635541?
550635534
In base 12, what is -1445bba - -29?
-1445b91
In base 2, what is -1111101 + 1101001010101?
1100111011000
In base 16, what is -2780238 - 9?
-2780241
In base 7, what is -104506 + -12130?
-116636
In base 4, what is -12303320131 - 10?
-12303320201
In base 14, what is -61c29dd - 1?
-61c2a00
In base 3, what is 100120 + 202102100?
202202220
In base 2, what is -1111 + 10000001100010?
10000001010011
In base 13, what is -8ab + 35214?
34636
In base 3, what is -101020122 + 102111122?
1021000
In base 13, what is -155a59 + -c?
-155a68
In base 8, what is 7127316 - -13?
7127331
In base 6, what is -45430113 + 111?
-45430002
In base 2, what is -1100101011100100 + 1010001?
-1100101010010011
In base 8, what is 2 + 4525616?
4525620
In base 12, what is 14b72 + 87a?
15830
In base 4, what is -112213323130230 + -3?
-112213323130233
In base 12, what is -2 + 7391190?
739118a
In base 13, what is 0 + 12226ac?
12226ac
In base 7, what is -2130340 + -2245?
-2132615
In base 5, what is 322103111232 + 4?
322103111241
In base 11, what is 3a63837 + 5?
3a63841
In base 8, what is -176 - -107604?
107406
In base 8, what is 251244 + -1725?
247317
In base 10, what is -759671 - 37?
-759708
In base 12, what is -2116 + -133b4?
-1550a
In base 5, what is -1110312312 - -202?
-1110312110
In base 10, what is -5957 + 1661?
-4296
In base 9, what is 4 - -20316054?
20316058
In base 5, what is -11304 - -3441224?
3424420
In base 7, what is -3165 + 236353?
233155
In base 16, what is -11 + af0e?
aefd
In base 4, what is 2332113 - 3022?
2323031
In base 2, what is 0 + -111101010100010000110?
-111101010100010000110
In base 10, what is -1634292 + -36?
-1634328
In base 8, what is -1 - 1433534511?
-1433534512
In base 6, what is 12044103 + -434?
12043225
In base 11, what is 274a3 - -129?
27621
In base 14, what is 513 - -1877c?
18c91
In base 8, what is -217 + 204757?
204540
In base 12, what is 11b - -1699a0?
169abb
In base 16, what is -a71909 - -5?
-a71904
In base 13, what is -2c7035 + -5a?
-2c7092
In base 7, what is -43500 + -213?
-44013
In base 8, what is 245 + -403540?
-403273
In base 9, what is 1012272 + -3?
1012268
In base 14, what is -2c527 - 1d?
-2c546
In base 5, what is 130 + -111004332?
-111004202
In base 2, what is 111101101101111100011101110100 + 10?
111101101101111100011101110110
In base 13, what is -4577cc + 88?
-457744
In base 10, what is -3197555 - -34?
-3197521
In base 14, what is 3 - -cc403?
cc406
In base 12, what is 1b3 - -58888?
58a7b
In base 16, what is 3 - -1e8761?
1e8764
In base 4, what is -11 - -2320031033?
2320031022
In base 2, what is 10000010111011001100111010 + 100?
10000010111011001100111110
In base 3, what is 1101112 - 12111212?
-11010100
In base 4, what is 220102000212 - 20?
220102000132
In base 10, what is -3 + -1889237?
-1889240
In base 13, what is 2388522a + 5?
23885232
In base 11, what is -546 - -397591?
397046
In base 7, what is 13520345 + 256?
13520634
In base 9, what is 47144604 + -21?
47144573
In base 9, what is -5 + -23775708?
-23775714
In base 10, what is 940 - 1151907?
-1150967
In base 8, what is 1755440 + -304?
1755134
In base 16, what is -2 + 11df700?
11df6fe
In base 8, what is -75 + -1346276?
-1346373
In base 8, what is -113 + 155603?
155470
In base 13, what is 49ca46 - -5?
49ca4b
In base 4, what is -3220132 + 1111?
-3213021
In base 15, what is 2e1 - b71b?
-b42a
In base 15, what is 1451 - 155c?
-10b
In base 2, what is -1110010 - -1110110101100011000?
1110110101010100110
In base 15, what is -bd25b5 - 1?
-bd25b6
In base 12, what is 5 + -14b9877?
-14b9872
In base 10, what is 51 + 7628?
7679
In base 4, what is -230320102322311 - 0?
-230320102322311
In base 5, what is 2002 + -111340120?
-111333113
In base 5, what is 142034141 + 133?
142034324
In base 7, what is 3045461 - -225?
3046016
In base 13, what is -37412 + -288?
-3769a
In base 7, what is 405434200 + 5?
405434205
In base 4, what is 3 - -102331001002?
102331001011
In base 14, what is -5167483 - -5?
-516747c
In base 4, what is 33003131002030 - -10?
33003131002100
In base 13, what is 16a8620 - -5?
16a8625
In base 10, what is 0 - -2260468?
2260468
In base 13, what is 4a7 - -34b25?
352cc
In base 6, what is -14 + -22140412?
-22140430
In base 3, what is 1 + -21101122112121?
-21101122112120
In base 3, what is -112111212010 + -20201?
-112112002211
In base 9, what is -1082 - 767440?
-768532
In base 15, what is 12d89b9 - -4b?
12d8a15
In base 7, what is -363564 + -2462?
-366356
In base 11, what is 2684 - 81a?
1965
In base 7, what is 15 - 40555100?
-40555052
In base 3, what is -11 + 12221221020211120?
12221221020211102
In base 16, what is cf9e - 6e?
cf30